 the ten thousands digit of 70364?
7
What is the units digit of 1641?
1
What is the tens digit of 1783?
8
What is the units digit of 9519?
9
What is the hundreds digit of 8506?
5
What is the units digit of 56930?
0
What is the thousands digit of 21161?
1
What is the units digit of 62682?
2
What is the units digit of 17407?
7
What is the thousands digit of 8865?
8
What is the tens digit of 14741?
4
What is the units digit of 56150?
0
What is the thousands digit of 3900?
3
What is the tens digit of 21525?
2
What is the tens digit of 1640?
4
What is the ten thousands digit of 58801?
5
What is the thousands digit of 3961?
3
What is the units digit of 1300?
0
What is the thousands digit of 2941?
2
What is the hundreds digit of 75822?
8
What is the tens digit of 16170?
7
What is the units digit of 292?
2
What is the thousands digit of 76694?
6
What is the hundreds digit of 51211?
2
What is the units digit of 341?
1
What is the units digit of 3113?
3
What is the ten thousands digit of 13478?
1
What is the units digit of 3935?
5
What is the tens digit of 1510?
1
What is the thousands digit of 11365?
1
What is the thousands digit of 1150?
1
What is the tens digit of 1345?
4
What is the thousands digit of 1397?
1
What is the tens digit of 949?
4
What is the units digit of 2007?
7
What is the units digit of 1003?
3
What is the ten thousands digit of 41215?
4
What is the units digit of 575?
5
What is the thousands digit of 45021?
5
What is the ten thousands digit of 23827?
2
What is the thousands digit of 14331?
4
What is the hundreds digit of 40132?
1
What is the tens digit of 300?
0
What is the units digit of 488?
8
What is the tens digit of 72206?
0
What is the hundreds digit of 43644?
6
What is the thousands digit of 2778?
2
What is the hundreds digit of 30638?
6
What is the tens digit of 610?
1
What is the tens digit of 23?
2
What is the units digit of 20267?
7
What is the units digit of 507?
7
What is the units digit of 4507?
7
What is the units digit of 30765?
5
What is the hundreds digit of 116107?
1
What is the ten thousands digit of 10369?
1
What is the hundreds digit of 1983?
9
What is the hundreds digit of 5841?
8
What is the units digit of 112050?
0
What is the units digit of 18492?
2
What is the units digit of 3849?
9
What is the thousands digit of 18725?
8
What is the ten thousands digit of 12950?
1
What is the units digit of 65459?
9
What is the thousands digit of 66696?
6
What is the ten thousands digit of 21351?
2
What is the thousands digit of 5762?
5
What is the tens digit of 12644?
4
What is the tens digit of 9636?
3
What is the thousands digit of 2674?
2
What is the tens digit of 649?
4
What is the hundreds digit of 491?
4
What is the tens digit of 1147?
4
What is the ten thousands digit of 25537?
2
What is the hundreds digit of 1657?
6
What is the hundreds digit of 593?
5
What is the tens digit of 977?
7
What is the tens digit of 1921?
2
What is the tens digit of 15949?
4
What is the ten thousands digit of 102313?
0
What is the tens digit of 1086?
8
What is the tens digit of 570?
7
What is the ten thousands digit of 21509?
2
What is the units digit of 22962?
2
What is the ten thousands digit of 76335?
7
What is the tens digit of 7189?
8
What is the thousands digit of 4920?
4
What is the hundreds digit of 1058?
0
What is the thousands digit of 8405?
8
What is the units digit of 128090?
0
What is the thousands digit of 8822?
8
What is the hundreds digit of 1386?
3
What is the hundreds digit of 54021?
0
What is the ten thousands digit of 28770?
2
What is the hundreds digit of 14524?
5
What is the tens digit of 69433?
3
What is the units digit of 87168?
8
What is the hundreds digit of 208?
2
What is the hundreds digit of 8928?
9
What is the tens digit of 1192?
9
What is the hundreds digit of 2721?
7
What is the ten thousands digit of 31092?
3
What is the units digit of 6805?
5
What is the hundreds digit of 13129?
1
What is the units digit of 2705?
5
What is the units digit of 2284?
4
What is the units digit of 282?
2
What is the tens digit of 44425?
2
What is the ten thousands digit of 12754?
1
What is the tens digit of 73051?
5
What is the thousands digit of 1568?
1
What is the tens digit of 6399?
9
What is the tens digit of 173?
7
What is the thousands digit of 1791?
1
What is the tens digit of 1281?
8
What is the units digit of 37374?
4
What is the hundreds digit of 161?
1
What is the units digit of 28?
8
What is the units digit of 367?
7
What is the units digit of 660?
0
What is the ten thousands digit of 29919?
2
What is the hundreds digit of 907?
9
What is the thousands digit of 1475?
1
What is the hundreds digit of 42831?
8
What is the hundreds digit of 43034?
0
What is the tens digit of 3246?
4
What is the hundreds digit of 3324?
3
What is the thousands digit of 1034?
1
What is the units digit of 10500?
0
What is the units digit of 43870?
0
What is the hundreds digit of 3471?
4
What is the units digit of 2193?
3
What is the tens digit of 157?
5
What is the units digit of 109263?
3
What is the units digit of 7511?
1
What is the hundreds digit of 19618?
6
What is the hundreds digit of 575?
5
What is the thousands digit of 39880?
9
What is the units digit of 28348?
8
What is the hundreds digit of 556?
5
What is the tens digit of 19410?
1
What is the thousands digit of 159208?
9
What is the units digit of 5619?
9
What is the thousands digit of 91721?
1
What is the tens digit of 433?
3
What is the tens digit of 1626?
2
What is the units digit of 268?
8
What is the units digit of 2408?
8
What is the units digit of 1109?
9
What is the thousands digit of 42797?
2
What is the units digit of 815?
5
What is the hundreds digit of 1802?
8
What is the tens digit of 195?
9
What is the hundreds digit of 2141?
1
What is the hundreds digit of 61720?
7
What is the thousands digit of 10578?
0
What is the tens digit of 1063?
6
What is the tens digit of 1124?
2
What is the ten thousands digit of 12518?
1
What is the thousands digit of 33236?
3
What is the thousands digit of 9902?
9
What is the units digit of 2816?
6
What is the hundreds digit of 110?
1
What is the units digit of 15040?
0
What is the units digit of 565?
5
What is the tens digit of 25036?
3
What is the hundreds digit of 10208?
2
What is the units digit of 7061?
1
What is the ten thousands digit of 121342?
2
What is the hundreds digit of 5231?
2
What is the units digit of 10798?
8
What is the tens digit of 287?
8
What is the thousands digit of 1204?
1
What is the hundreds digit of 9247?
2
What is the hundreds digit of 55802?
8
What is the tens digit of 560?
6
What is the hundreds digit of 4164?
1
What is the tens digit of 2872?
7
What is the hundreds digit of 5570?
5
What is the ten thousands digit of 10897?
1
What is the tens digit of 16499?
9
What is the units digit of 13036?
6
What is the hundred thousands digit of 134741?
1
What is the tens digit of 20878?
7
What is the tens digit of 541?
4
What is the ten thousands digit of 35662?
3
What is the hundreds digit of 40149?
1
What is the ten thousands digit of 20200?
2
What is the tens digit of 3049?
4
What is the thousands digit of 2658?
2
What is the hundreds digit of 22031?
0
What is the hundreds digit of 11806?
8
What is the units digit of 48860?
0
What is the units digit of 23850?
0
What is the hundreds digit of 253?
2
What is the thousands digit of 3978?
3
What is the thousands digit of 3170?
3
What is the hundreds digit of 15758?
7
What is the hundreds digit of 326?
3
What is the units digit of 34869?
9
What is the hundreds digit of 3207?
2
What is the tens digit of 2346?
4
What is the hundreds digit of 3441?
4
What is the units digit of 18865?
5
What is the units digit of 11359?
9
What is the units digit of 90713?
3
What is the tens digit of 891?
9
What is the tens digit of 13657?
5
What is the thousands digit of 48269?
8
What is the hundreds digit of 728?
7
What is the thousands digit of 2185?
2
What is the hundreds digit of 12782?
7
What is the units digit of 47?
7
What is the tens digit of 436?
3
What is the tens digit of 460?
6
What is the units digit of 522?
2
What is the hundreds digit of 7780?
7
What is the hundreds digit of 8760?
7
What is the hundreds digit of 5874?
8
What is the hundreds digit of 431?
4
What is th